{"id":2,"date":"2021-12-02T19:06:38","date_gmt":"2021-12-02T19:06:38","guid":{"rendered":"https:\/\/revistacienciaecultura.org.br\/?page_id=2"},"modified":"2022-04-05T13:43:10","modified_gmt":"2022-04-05T13:43:10","slug":"quem-somos","status":"publish","type":"page","link":"https:\/\/revistacienciaecultura.org.br\/?page_id=2","title":{"rendered":"Quem somos"},"content":{"rendered":"\t\t<div data-elementor-type=\"wp-page\" data-elementor-id=\"2\" class=\"elementor elementor-2\" data-elementor-settings=\"[]\">\n\t\t\t\t\t\t\t<div class=\"elementor-section-wrap\">\n\t\t\t\t\t\t\t<section class=\"elementor-section elementor-top-section elementor-element elementor-element-78268763 elementor-section-boxed elementor-section-height-default elementor-section-height-default\" data-id=\"78268763\" data-element_type=\"section\">\n\t\t\t\t\t\t<div class=\"elementor-container elementor-column-gap-default\">\n\t\t\t\t\t<div class=\"elementor-column elementor-col-100 elementor-top-column elementor-element elementor-element-31d14778\" data-id=\"31d14778\" data-element_type=\"column\">\n\t\t\t<div class=\"elementor-widget-wrap elementor-element-populated\">\n\t\t\t\t\t\t\t\t<div class=\"elementor-element elementor-element-25f1bf4c elementor-widget elementor-widget-text-editor\" data-id=\"25f1bf4c\" data-element_type=\"widget\" data-widget_type=\"text-editor.default\">\n\t\t\t\t<div class=\"elementor-widget-container\">\n\t\t\t<style>\/*! elementor - v3.5.5 - 03-02-2022 *\/\n.elementor-widget-text-editor.elementor-drop-cap-view-stacked .elementor-drop-cap{background-color:#818a91;color:#fff}.elementor-widget-text-editor.elementor-drop-cap-view-framed .elementor-drop-cap{color:#818a91;border:3px solid;background-color:transparent}.elementor-widget-text-editor:not(.elementor-drop-cap-view-default) .elementor-drop-cap{margin-top:8px}.elementor-widget-text-editor:not(.elementor-drop-cap-view-default) .elementor-drop-cap-letter{width:1em;height:1em}.elementor-widget-text-editor .elementor-drop-cap{float:left;text-align:center;line-height:1;font-size:50px}.elementor-widget-text-editor .elementor-drop-cap-letter{display:inline-block}<\/style>\t\t\t\t<p><!-- wp:paragraph --><\/p>\n<p><span style=\"font-weight: 400;\">A revista Ci\u00eancia &amp; Cultura (ISSN:&nbsp;2317-6660) \u00e9 um peri\u00f3dico da Sociedade Brasileira para O Progresso da Ci\u00eancia (SBPC), de acesso aberto (<\/span><i><span style=\"font-weight: 400;\">open access<\/span><\/i><span style=\"font-weight: 400;\">), de car\u00e1ter multidisciplinar, com o objetivo de atuar na difus\u00e3o e divulga\u00e7\u00e3o cient\u00edfica e tamb\u00e9m no cen\u00e1rio das grandes quest\u00f5es culturais de nossa \u00e9poca, identificando tend\u00eancias e abordando temas pr\u00f3prios do conhecimento e da din\u00e2mica de suas transforma\u00e7\u00f5es culturais, cient\u00edficas e tecnol\u00f3gicas. Suas edi\u00e7\u00f5es tem\u00e1ticas combinam ci\u00eancias, cultura, tecnologia, inova\u00e7\u00e3o, arte e filosofia em hist\u00f3rias contadas por cientistas, jornalistas e pensadores, informando e encantando seus leitores<\/span><\/p>\n<p><\/p>\n<p><span style=\"font-weight: 400;\">Criada em 1949, um ano depois da funda\u00e7\u00e3o da SBPC, a revista Ci\u00eancia &amp; Cultura \u00e9 um ve\u00edculo imprescind\u00edvel &nbsp;para divulga\u00e7\u00e3o cient\u00edfica e cultural no Brasil. Sua linha editorial visa contribuir para o debate dos grandes temas cient\u00edficos da atualidade e atrair a aten\u00e7\u00e3o, principalmente das novas gera\u00e7\u00f5es de pesquisadores em forma\u00e7\u00e3o para uma reflex\u00e3o continuada e sistem\u00e1tica sobre esses temas. Ao longo de suas mais de sete d\u00e9cadas, apresentou uma divulga\u00e7\u00e3o cient\u00edfica voltada para o grande p\u00fablico enquanto procurou se comunicar com a comunidade cient\u00edfica e leitores especializados, tornando-se uma importante ferramenta para os debates contempor\u00e2neos. Desta forma, \u00e9 uma das publica\u00e7\u00f5es mais antigas de divulga\u00e7\u00e3o cient\u00edfica e um marco para a institucionaliza\u00e7\u00e3o da&nbsp;<\/span><span style=\"color: var( --e-global-color-text ); font-family: var( --e-global-typography-text-font-family ), Sans-serif; font-size: 1rem; letter-spacing: 0px;\">ci\u00eancia no pa\u00eds.<\/span><\/p>\n<p>De publica\u00e7\u00e3o trimestral, a cada edi\u00e7\u00e3o a revista escolhe um tema para abord\u00e1-lo do ponto de vista da ci\u00eancia, cultura, arte e filosofia. Todos os meses, um novo cap\u00edtulo \u00e9 publicado, trazendo novos artigos, ensaios, reportagens jornal\u00edsticas, textos de opini\u00e3o, v\u00eddeos, podcasts e muito mais.<br><\/p>\n<p><span style=\"color: var( --e-global-color-text ); font-family: var( --e-global-typography-text-font-family ), Sans-serif; font-size: 1rem; letter-spacing: 0px;\"><br><\/span><\/p>\n<p><\/p>\n<p><b>Miss\u00e3o<\/b><\/p>\n<p><span style=\"font-weight: 400;\">A miss\u00e3o da <\/span><b>revista Ci\u00eancia &amp; Cultura<\/b><span style=\"font-weight: 400;\"> \u00e9 atuar na difus\u00e3o e divulga\u00e7\u00e3o cient\u00edfica e no&nbsp; cen\u00e1rio das grandes quest\u00f5es culturais de nossa \u00e9poca, identificando tend\u00eancias e abordando temas pr\u00f3prios do conhecimento e da din\u00e2mica das transforma\u00e7\u00f5es culturais,&nbsp; cient\u00edficas e tecnol\u00f3gicas.<\/span><\/p>\n<p><\/p>\n<p><b>Valores<\/b><\/p>\n<ul>\n<li style=\"font-weight: 400;\" aria-level=\"1\"><span style=\"font-weight: 400;\">Promover o desenvolvimento cient\u00edfico e tecnol\u00f3gico que atenda \u00e0s necessidades e aos interesses da sociedade brasileira;<\/span><\/li>\n<li style=\"font-weight: 400;\" aria-level=\"1\"><span style=\"font-weight: 400;\">Fomentar a preserva\u00e7\u00e3o e a melhoria constante dos sistemas nacionais de&nbsp; educa\u00e7\u00e3o, ci\u00eancia e tecnologia;<\/span><\/li>\n<li style=\"font-weight: 400;\" aria-level=\"1\"><span style=\"font-weight: 400;\">Promover e defender a integridade da ci\u00eancia e seu uso, assim como a liberdade de&nbsp; pesquisa, de opini\u00e3o, e do direito aos meios necess\u00e1rios \u00e0 realiza\u00e7\u00e3o do trabalho de&nbsp; cientistas;<\/span><\/li>\n<li style=\"font-weight: 400;\" aria-level=\"1\"><span style=\"font-weight: 400;\">Fornecer uma voz para a ci\u00eancia em quest\u00f5es sociais, assim como o uso respons\u00e1vel da ci\u00eancia nas pol\u00edticas p\u00fablicas;<\/span><\/li>\n<li style=\"font-weight: 400;\" aria-level=\"1\"><span style=\"font-weight: 400;\">Aumentar o envolvimento do p\u00fablico com a ci\u00eancia e a tecnologia, assim como&nbsp; promover a educa\u00e7\u00e3o em ci\u00eancia e tecnologia para todos.<\/span><\/li>\n<\/ul>\n<p><!-- \/wp:paragraph --><\/p>\t\t\t\t\t\t<\/div>\n\t\t\t\t<\/div>\n\t\t\t\t\t<\/div>\n\t\t<\/div>\n\t\t\t\t\t\t\t<\/div>\n\t\t<\/section>\n\t\t\t\t\t\t<\/div>\n\t\t\t\t\t<\/div>\n\t\t","protected":false},"excerpt":{"rendered":"A revista Ci\u00eancia &amp; Cultura (ISSN:&nbsp;2317-6660) \u00e9 um peri\u00f3dico da Sociedade Brasileira&hellip;\n","protected":false},"author":1,"featured_media":0,"parent":0,"menu_order":0,"comment_status":"closed","ping_status":"open","template":"elementor_header_footer","meta":[],"acf":[],"_links":{"self":[{"href":"https:\/\/revistacienciaecultura.org.br\/index.php?rest_route=\/wp\/v2\/pages\/2"}],"collection":[{"href":"https:\/\/revistacienciaecultura.org.br\/index.php?rest_route=\/wp\/v2\/pages"}],"about":[{"href":"https:\/\/revistacienciaecultura.org.br\/index.php?rest_route=\/wp\/v2\/types\/page"}],"author":[{"embeddable":true,"href":"https:\/\/revistacienciaecultura.org.br\/index.php?rest_route=\/wp\/v2\/users\/1"}],"replies":[{"embeddable":true,"href":"https:\/\/revistacienciaecultura.org.br\/index.php?rest_route=%2Fwp%2Fv2%2Fcomments&post=2"}],"version-history":[{"count":16,"href":"https:\/\/revistacienciaecultura.org.br\/index.php?rest_route=\/wp\/v2\/pages\/2\/revisions"}],"predecessor-version":[{"id":1846,"href":"https:\/\/revistacienciaecultura.org.br\/index.php?rest_route=\/wp\/v2\/pages\/2\/revisions\/1846"}],"wp:attachment":[{"href":"https:\/\/revistacienciaecultura.org.br\/index.php?rest_route=%2Fwp%2Fv2%2Fmedia&parent=2"}],"curies":[{"name":"wp","href":"https:\/\/api.w.org\/{rel}","templated":true}]}}

<div data-elementor-type="wp-page" data-elementor-id="2" class="elementor elementor-2" data-elementor-settings="[]">
							<div class="elementor-section-wrap">
							<section class="elementor-section elementor-top-section elementor-element elementor-element-78268763 elementor-section-boxed elementor-section-height-default elementor-section-height-default" data-id="78268763" data-element_type="section">
						<div class="elementor-container elementor-column-gap-default">
					<div class="elementor-column elementor-col-100 elementor-top-column elementor-element elementor-element-31d14778" data-id="31d14778" data-element_type="column">
			<div class="elementor-widget-wrap elementor-element-populated">
								<div class="elementor-element elementor-element-25f1bf4c elementor-widget elementor-widget-text-editor" data-id="25f1bf4c" data-element_type="widget" data-widget_type="text-editor.default">
				<div class="elementor-widget-container">
			<style>/*! elementor - v3.5.5 - 03-02-2022 */
.elementor-widget-text-editor.elementor-drop-cap-view-stacked .elementor-drop-cap{background-color:#818a91;color:#fff}.elementor-widget-text-editor.elementor-drop-cap-view-framed .elementor-drop-cap{color:#818a91;border:3px solid;background-color:transparent}.elementor-widget-text-editor:not(.elementor-drop-cap-view-default) .elementor-drop-cap{margin-top:8px}.elementor-widget-text-editor:not(.elementor-drop-cap-view-default) .elementor-drop-cap-letter{width:1em;height:1em}.elementor-widget-text-editor .elementor-drop-cap{float:left;text-align:center;line-height:1;font-size:50px}.elementor-widget-text-editor .elementor-drop-cap-letter{display:inline-block}</style>				<p><!-- wp:paragraph --></p>
<p><span style="font-weight: 400;">A revista Ciência &amp; Cultura (ISSN:&nbsp;2317-6660) é um periódico da Sociedade Brasileira para O Progresso da Ciência (SBPC), de acesso aberto (</span><i><span style="font-weight: 400;">open access</span></i><span style="font-weight: 400;">), de caráter multidisciplinar, com o objetivo de atuar na difusão e divulgação científica e também no cenário das grandes questões culturais de nossa época, identificando tendências e abordando temas próprios do conhecimento e da dinâmica de suas transformações culturais, científicas e tecnológicas. Suas edições temáticas combinam ciências, cultura, tecnologia, inovação, arte e filosofia em histórias contadas por cientistas, jornalistas e pensadores, informando e encantando seus leitores</span></p>
<p></p>
<p><span style="font-weight: 400;">Criada em 1949, um ano depois da fundação da SBPC, a revista Ciência &amp; Cultura é um veículo imprescindível &nbsp;para divulgação científica e cultural no Brasil. Sua linha editorial visa contribuir para o debate dos grandes temas científicos da atualidade e atrair a atenção, principalmente das novas gerações de pesquisadores em formação para uma reflexão continuada e sistemática sobre esses temas. Ao longo de suas mais de sete décadas, apresentou uma divulgação científica voltada para o grande público enquanto procurou se comunicar com a comunidade científica e leitores especializados, tornando-se uma importante ferramenta para os debates contemporâneos. Desta forma, é uma das publicações mais antigas de divulgação científica e um marco para a institucionalização da&nbsp;</span><span style="color: var( --e-global-color-text ); font-family: var( --e-global-typography-text-font-family ), Sans-serif; font-size: 1rem; letter-spacing: 0px;">ciência no país.</span></p>
<p>De publicação trimestral, a cada edição a revista escolhe um tema para abordá-lo do ponto de vista da ciência, cultura, arte e filosofia. Todos os meses, um novo capítulo é publicado, trazendo novos artigos, ensaios, reportagens jornalísticas, textos de opinião, vídeos, podcasts e muito mais.<br></p>
<p><span style="color: var( --e-global-color-text ); font-family: var( --e-global-typography-text-font-family ), Sans-serif; font-size: 1rem; letter-spacing: 0px;"><br></span></p>
<p></p>
<p><b>Missão</b></p>
<p><span style="font-weight: 400;">A missão da </span><b>revista Ciência &amp; Cultura</b><span style="font-weight: 400;"> é atuar na difusão e divulgação científica e no&nbsp; cenário das grandes questões culturais de nossa época, identificando tendências e abordando temas próprios do conhecimento e da dinâmica das transformações culturais,&nbsp; científicas e tecnológicas.</span></p>
<p></p>
<p><b>Valores</b></p>
<ul>
<li style="font-weight: 400;" aria-level="1"><span style="font-weight: 400;">Promover o desenvolvimento científico e tecnológico que atenda às necessidades e aos interesses da sociedade brasileira;</span></li>
<li style="font-weight: 400;" aria-level="1"><span style="font-weight: 400;">Fomentar a preservação e a melhoria constante dos sistemas nacionais de&nbsp; educação, ciência e tecnologia;</span></li>
<li style="font-weight: 400;" aria-level="1"><span style="font-weight: 400;">Promover e defender a integridade da ciência e seu uso, assim como a liberdade de&nbsp; pesquisa, de opinião, e do direito aos meios necessários à realização do trabalho de&nbsp; cientistas;</span></li>
<li style="font-weight: 400;" aria-level="1"><span style="font-weight: 400;">Fornecer uma voz para a ciência em questões sociais, assim como o uso responsável da ciência nas políticas públicas;</span></li>
<li style="font-weight: 400;" aria-level="1"><span style="font-weight: 400;">Aumentar o envolvimento do público com a ciência e a tecnologia, assim como&nbsp; promover a educação em ciência e tecnologia para todos.</span></li>
</ul>
<p><!-- /wp:paragraph --></p>						</div>
				</div>
					</div>
		</div>
							</div>
		</section>
						</div>
					</div>

A revista Ciência &amp; Cultura (ISSN:&nbsp;2317-6660) é um periódico da Sociedade Brasileira&hellip;
